{"id":608,"date":"2020-11-03T22:08:41","date_gmt":"2020-11-03T22:08:41","guid":{"rendered":"https:\/\/www.lisawebbdesign.se\/?page_id=608"},"modified":"2021-01-21T07:57:35","modified_gmt":"2021-01-21T07:57:35","slug":"foto","status":"publish","type":"page","link":"https:\/\/www.lisawebbdesign.se\/?page_id=608","title":{"rendered":"Foto"},"content":{"rendered":"\n<p>Jag erbjuder fototavlor p\u00e5 canvas, fototapet eller fototavla. Byt motiv sj\u00e4lv efter \u00e5rstid eller k\u00f6p paket d\u00e4r jag g\u00f6r det \u00e5t er 4 g\u00e5nger per \u00e5r. Motiv helt enligt era \u00f6nskem\u00e5l.<\/p>\n\n\n\n<figure class=\"wp-block-gallery columns-3 is-cropped wp-block-gallery-1 is-layout-flex wp-block-gallery-is-layout-flex\"><ul class=\"blocks-gallery-grid\"><li class=\"blocks-gallery-item\"><figure><img loading=\"lazy\" decoding=\"async\" width=\"1024\" height=\"1024\" src=\"https:\/\/www.lisawebbdesign.se\/wp-content\/uploads\/2020\/11\/EDXZ2657-1024x1024.jpg\" alt=\"\" data-id=\"591\" data-full-url=\"https:\/\/www.lisawebbdesign.se\/wp-content\/uploads\/2020\/11\/EDXZ2657-scaled.jpg\" data-link=\"https:\/\/www.lisawebbdesign.se\/?attachment_id=591\" class=\"wp-image-591\" srcset=\"https:\/\/www.lisawebbdesign.se\/wp-content\/uploads\/2020\/11\/EDXZ2657-1024x1024.jpg 1024w, https:\/\/www.lisawebbdesign.se\/wp-content\/uploads\/2020\/11\/EDXZ2657-300x300.jpg 300w, https:\/\/www.lisawebbdesign.se\/wp-content\/uploads\/2020\/11\/EDXZ2657-150x150.jpg 150w, https:\/\/www.lisawebbdesign.se\/wp-content\/uploads\/2020\/11\/EDXZ2657-768x768.jpg 768w, https:\/\/www.lisawebbdesign.se\/wp-content\/uploads\/2020\/11\/EDXZ2657-1536x1536.jpg 1536w, https:\/\/www.lisawebbdesign.se\/wp-content\/uploads\/2020\/11\/EDXZ2657-2048x2048.jpg 2048w, https:\/\/www.lisawebbdesign.se\/wp-content\/uploads\/2020\/11\/EDXZ2657-1240x1240.jpg 1240w, https:\/\/www.lisawebbdesign.se\/wp-content\/uploads\/2020\/11\/EDXZ2657-508x508.jpg 508w\" sizes=\"auto, (max-width: 1024px) 100vw, 1024px\" \/><\/figure><\/li><li class=\"blocks-gallery-item\"><figure><img loading=\"lazy\" decoding=\"async\" width=\"1024\" height=\"1024\" src=\"https:\/\/www.lisawebbdesign.se\/wp-content\/uploads\/2020\/11\/IIKQ4935-1024x1024.jpg\" alt=\"\" data-id=\"589\" data-full-url=\"https:\/\/www.lisawebbdesign.se\/wp-content\/uploads\/2020\/11\/IIKQ4935-scaled.jpg\" data-link=\"https:\/\/www.lisawebbdesign.se\/?attachment_id=589\" class=\"wp-image-589\" srcset=\"https:\/\/www.lisawebbdesign.se\/wp-content\/uploads\/2020\/11\/IIKQ4935-1024x1024.jpg 1024w, https:\/\/www.lisawebbdesign.se\/wp-content\/uploads\/2020\/11\/IIKQ4935-300x300.jpg 300w, https:\/\/www.lisawebbdesign.se\/wp-content\/uploads\/2020\/11\/IIKQ4935-150x150.jpg 150w, https:\/\/www.lisawebbdesign.se\/wp-content\/uploads\/2020\/11\/IIKQ4935-768x768.jpg 768w, https:\/\/www.lisawebbdesign.se\/wp-content\/uploads\/2020\/11\/IIKQ4935-1536x1536.jpg 1536w, https:\/\/www.lisawebbdesign.se\/wp-content\/uploads\/2020\/11\/IIKQ4935-2048x2048.jpg 2048w, https:\/\/www.lisawebbdesign.se\/wp-content\/uploads\/2020\/11\/IIKQ4935-1240x1240.jpg 1240w, https:\/\/www.lisawebbdesign.se\/wp-content\/uploads\/2020\/11\/IIKQ4935-508x508.jpg 508w\" sizes=\"auto, (max-width: 1024px) 100vw, 1024px\" \/><\/figure><\/li><li class=\"blocks-gallery-item\"><figure><img loading=\"lazy\" decoding=\"async\" width=\"1024\" height=\"768\" src=\"https:\/\/www.lisawebbdesign.se\/wp-content\/uploads\/2020\/11\/IMG_1731-1024x768.jpg\" alt=\"\" data-id=\"590\" data-full-url=\"https:\/\/www.lisawebbdesign.se\/wp-content\/uploads\/2020\/11\/IMG_1731-scaled.jpg\" data-link=\"https:\/\/www.lisawebbdesign.se\/?attachment_id=590\" class=\"wp-image-590\" srcset=\"https:\/\/www.lisawebbdesign.se\/wp-content\/uploads\/2020\/11\/IMG_1731-1024x768.jpg 1024w, https:\/\/www.lisawebbdesign.se\/wp-content\/uploads\/2020\/11\/IMG_1731-300x225.jpg 300w, https:\/\/www.lisawebbdesign.se\/wp-content\/uploads\/2020\/11\/IMG_1731-768x576.jpg 768w, https:\/\/www.lisawebbdesign.se\/wp-content\/uploads\/2020\/11\/IMG_1731-1536x1152.jpg 1536w, https:\/\/www.lisawebbdesign.se\/wp-content\/uploads\/2020\/11\/IMG_1731-2048x1536.jpg 2048w, https:\/\/www.lisawebbdesign.se\/wp-content\/uploads\/2020\/11\/IMG_1731-1240x930.jpg 1240w, https:\/\/www.lisawebbdesign.se\/wp-content\/uploads\/2020\/11\/IMG_1731-508x381.jpg 508w\" sizes=\"auto, (max-width: 1024px) 100vw, 1024px\" \/><\/figure><\/li><li class=\"blocks-gallery-item\"><figure><img loading=\"lazy\" decoding=\"async\" width=\"1024\" height=\"1024\" src=\"https:\/\/www.lisawebbdesign.se\/wp-content\/uploads\/2020\/11\/HXDI0455-1024x1024.jpg\" alt=\"\" data-id=\"587\" data-full-url=\"https:\/\/www.lisawebbdesign.se\/wp-content\/uploads\/2020\/11\/HXDI0455-scaled.jpg\" data-link=\"https:\/\/www.lisawebbdesign.se\/?attachment_id=587\" class=\"wp-image-587\" srcset=\"https:\/\/www.lisawebbdesign.se\/wp-content\/uploads\/2020\/11\/HXDI0455-1024x1024.jpg 1024w, https:\/\/www.lisawebbdesign.se\/wp-content\/uploads\/2020\/11\/HXDI0455-300x300.jpg 300w, https:\/\/www.lisawebbdesign.se\/wp-content\/uploads\/2020\/11\/HXDI0455-150x150.jpg 150w, https:\/\/www.lisawebbdesign.se\/wp-content\/uploads\/2020\/11\/HXDI0455-768x768.jpg 768w, https:\/\/www.lisawebbdesign.se\/wp-content\/uploads\/2020\/11\/HXDI0455-1536x1536.jpg 1536w, https:\/\/www.lisawebbdesign.se\/wp-content\/uploads\/2020\/11\/HXDI0455-2048x2048.jpg 2048w, https:\/\/www.lisawebbdesign.se\/wp-content\/uploads\/2020\/11\/HXDI0455-1240x1240.jpg 1240w, https:\/\/www.lisawebbdesign.se\/wp-content\/uploads\/2020\/11\/HXDI0455-508x508.jpg 508w\" sizes=\"auto, (max-width: 1024px) 100vw, 1024px\" \/><\/figure><\/li><li class=\"blocks-gallery-item\"><figure><img loading=\"lazy\" decoding=\"async\" width=\"1024\" height=\"1024\" src=\"https:\/\/www.lisawebbdesign.se\/wp-content\/uploads\/2020\/11\/HPBQ3113-1024x1024.jpg\" alt=\"\" data-id=\"586\" data-full-url=\"https:\/\/www.lisawebbdesign.se\/wp-content\/uploads\/2020\/11\/HPBQ3113-scaled.jpg\" data-link=\"https:\/\/www.lisawebbdesign.se\/?attachment_id=586\" class=\"wp-image-586\" srcset=\"https:\/\/www.lisawebbdesign.se\/wp-content\/uploads\/2020\/11\/HPBQ3113-1024x1024.jpg 1024w, https:\/\/www.lisawebbdesign.se\/wp-content\/uploads\/2020\/11\/HPBQ3113-300x300.jpg 300w, https:\/\/www.lisawebbdesign.se\/wp-content\/uploads\/2020\/11\/HPBQ3113-150x150.jpg 150w, https:\/\/www.lisawebbdesign.se\/wp-content\/uploads\/2020\/11\/HPBQ3113-768x768.jpg 768w, https:\/\/www.lisawebbdesign.se\/wp-content\/uploads\/2020\/11\/HPBQ3113-1536x1536.jpg 1536w, https:\/\/www.lisawebbdesign.se\/wp-content\/uploads\/2020\/11\/HPBQ3113-2048x2048.jpg 2048w, https:\/\/www.lisawebbdesign.se\/wp-content\/uploads\/2020\/11\/HPBQ3113-1240x1240.jpg 1240w, https:\/\/www.lisawebbdesign.se\/wp-content\/uploads\/2020\/11\/HPBQ3113-508x508.jpg 508w\" sizes=\"auto, (max-width: 1024px) 100vw, 1024px\" \/><\/figure><\/li><li class=\"blocks-gallery-item\"><figure><img loading=\"lazy\" decoding=\"async\" width=\"1024\" height=\"1024\" src=\"https:\/\/www.lisawebbdesign.se\/wp-content\/uploads\/2020\/11\/EDAA1866-1024x1024.jpg\" alt=\"\" data-id=\"585\" data-full-url=\"https:\/\/www.lisawebbdesign.se\/wp-content\/uploads\/2020\/11\/EDAA1866-scaled.jpg\" data-link=\"https:\/\/www.lisawebbdesign.se\/?attachment_id=585\" class=\"wp-image-585\" srcset=\"https:\/\/www.lisawebbdesign.se\/wp-content\/uploads\/2020\/11\/EDAA1866-1024x1024.jpg 1024w, https:\/\/www.lisawebbdesign.se\/wp-content\/uploads\/2020\/11\/EDAA1866-300x300.jpg 300w, https:\/\/www.lisawebbdesign.se\/wp-content\/uploads\/2020\/11\/EDAA1866-150x150.jpg 150w, https:\/\/www.lisawebbdesign.se\/wp-content\/uploads\/2020\/11\/EDAA1866-768x768.jpg 768w, https:\/\/www.lisawebbdesign.se\/wp-content\/uploads\/2020\/11\/EDAA1866-1536x1536.jpg 1536w, https:\/\/www.lisawebbdesign.se\/wp-content\/uploads\/2020\/11\/EDAA1866-2048x2048.jpg 2048w, https:\/\/www.lisawebbdesign.se\/wp-content\/uploads\/2020\/11\/EDAA1866-1240x1240.jpg 1240w, https:\/\/www.lisawebbdesign.se\/wp-content\/uploads\/2020\/11\/EDAA1866-508x508.jpg 508w\" sizes=\"auto, (max-width: 1024px) 100vw, 1024px\" \/><\/figure><\/li><li class=\"blocks-gallery-item\"><figure><img loading=\"lazy\" decoding=\"async\" width=\"1024\" height=\"1024\" src=\"https:\/\/www.lisawebbdesign.se\/wp-content\/uploads\/2020\/11\/BHVV3331-1024x1024.jpg\" alt=\"\" data-id=\"584\" data-full-url=\"https:\/\/www.lisawebbdesign.se\/wp-content\/uploads\/2020\/11\/BHVV3331-scaled.jpg\" data-link=\"https:\/\/www.lisawebbdesign.se\/?attachment_id=584\" class=\"wp-image-584\" srcset=\"https:\/\/www.lisawebbdesign.se\/wp-content\/uploads\/2020\/11\/BHVV3331-1024x1024.jpg 1024w, https:\/\/www.lisawebbdesign.se\/wp-content\/uploads\/2020\/11\/BHVV3331-300x300.jpg 300w, https:\/\/www.lisawebbdesign.se\/wp-content\/uploads\/2020\/11\/BHVV3331-150x150.jpg 150w, https:\/\/www.lisawebbdesign.se\/wp-content\/uploads\/2020\/11\/BHVV3331-768x768.jpg 768w, https:\/\/www.lisawebbdesign.se\/wp-content\/uploads\/2020\/11\/BHVV3331-1536x1536.jpg 1536w, https:\/\/www.lisawebbdesign.se\/wp-content\/uploads\/2020\/11\/BHVV3331-2048x2048.jpg 2048w, https:\/\/www.lisawebbdesign.se\/wp-content\/uploads\/2020\/11\/BHVV3331-1240x1240.jpg 1240w, https:\/\/www.lisawebbdesign.se\/wp-content\/uploads\/2020\/11\/BHVV3331-508x508.jpg 508w\" sizes=\"auto, (max-width: 1024px) 100vw, 1024px\" \/><\/figure><\/li><li class=\"blocks-gallery-item\"><figure><img loading=\"lazy\" decoding=\"async\" width=\"1024\" height=\"1024\" src=\"https:\/\/www.lisawebbdesign.se\/wp-content\/uploads\/2020\/11\/BHEV6276-1024x1024.jpg\" alt=\"\" data-id=\"583\" data-full-url=\"https:\/\/www.lisawebbdesign.se\/wp-content\/uploads\/2020\/11\/BHEV6276-scaled.jpg\" data-link=\"https:\/\/www.lisawebbdesign.se\/?attachment_id=583\" class=\"wp-image-583\" srcset=\"https:\/\/www.lisawebbdesign.se\/wp-content\/uploads\/2020\/11\/BHEV6276-1024x1024.jpg 1024w, https:\/\/www.lisawebbdesign.se\/wp-content\/uploads\/2020\/11\/BHEV6276-300x300.jpg 300w, https:\/\/www.lisawebbdesign.se\/wp-content\/uploads\/2020\/11\/BHEV6276-150x150.jpg 150w, https:\/\/www.lisawebbdesign.se\/wp-content\/uploads\/2020\/11\/BHEV6276-768x768.jpg 768w, https:\/\/www.lisawebbdesign.se\/wp-content\/uploads\/2020\/11\/BHEV6276-1536x1536.jpg 1536w, https:\/\/www.lisawebbdesign.se\/wp-content\/uploads\/2020\/11\/BHEV6276-2048x2048.jpg 2048w, https:\/\/www.lisawebbdesign.se\/wp-content\/uploads\/2020\/11\/BHEV6276-1240x1240.jpg 1240w, https:\/\/www.lisawebbdesign.se\/wp-content\/uploads\/2020\/11\/BHEV6276-508x508.jpg 508w\" sizes=\"auto, (max-width: 1024px) 100vw, 1024px\" \/><\/figure><\/li><li class=\"blocks-gallery-item\"><figure><img loading=\"lazy\" decoding=\"async\" width=\"1024\" height=\"683\" src=\"https:\/\/www.lisawebbdesign.se\/wp-content\/uploads\/2020\/07\/1201963_98813196-1024x683.jpg\" alt=\"\" data-id=\"526\" data-full-url=\"https:\/\/www.lisawebbdesign.se\/wp-content\/uploads\/2020\/07\/1201963_98813196-scaled.jpg\" data-link=\"https:\/\/www.lisawebbdesign.se\/?attachment_id=526\" class=\"wp-image-526\" srcset=\"https:\/\/www.lisawebbdesign.se\/wp-content\/uploads\/2020\/07\/1201963_98813196-1024x683.jpg 1024w, https:\/\/www.lisawebbdesign.se\/wp-content\/uploads\/2020\/07\/1201963_98813196-300x200.jpg 300w, https:\/\/www.lisawebbdesign.se\/wp-content\/uploads\/2020\/07\/1201963_98813196-768x512.jpg 768w, https:\/\/www.lisawebbdesign.se\/wp-content\/uploads\/2020\/07\/1201963_98813196-1536x1024.jpg 1536w, https:\/\/www.lisawebbdesign.se\/wp-content\/uploads\/2020\/07\/1201963_98813196-2048x1365.jpg 2048w\" sizes=\"auto, (max-width: 1024px) 100vw, 1024px\" \/><\/figure><\/li><li class=\"blocks-gallery-item\"><figure><img loading=\"lazy\" decoding=\"async\" width=\"1024\" height=\"683\" src=\"https:\/\/www.lisawebbdesign.se\/wp-content\/uploads\/2018\/06\/barley-field-1684052_1920-1-1024x683.jpg\" alt=\"\" data-id=\"434\" data-full-url=\"https:\/\/www.lisawebbdesign.se\/wp-content\/uploads\/2018\/06\/barley-field-1684052_1920-1.jpg\" data-link=\"https:\/\/www.lisawebbdesign.se\/?attachment_id=434\" class=\"wp-image-434\" srcset=\"https:\/\/www.lisawebbdesign.se\/wp-content\/uploads\/2018\/06\/barley-field-1684052_1920-1-1024x683.jpg 1024w, https:\/\/www.lisawebbdesign.se\/wp-content\/uploads\/2018\/06\/barley-field-1684052_1920-1-300x200.jpg 300w, https:\/\/www.lisawebbdesign.se\/wp-content\/uploads\/2018\/06\/barley-field-1684052_1920-1-768x512.jpg 768w, https:\/\/www.lisawebbdesign.se\/wp-content\/uploads\/2018\/06\/barley-field-1684052_1920-1.jpg 1920w\" sizes=\"auto, (max-width: 1024px) 100vw, 1024px\" \/><\/figure><\/li><li class=\"blocks-gallery-item\"><figure><img loading=\"lazy\" decoding=\"async\" width=\"1024\" height=\"1024\" src=\"https:\/\/www.lisawebbdesign.se\/wp-content\/uploads\/2020\/11\/BGSU8448-1024x1024.jpg\" alt=\"\" data-id=\"582\" data-full-url=\"https:\/\/www.lisawebbdesign.se\/wp-content\/uploads\/2020\/11\/BGSU8448-scaled.jpg\" data-link=\"https:\/\/www.lisawebbdesign.se\/?attachment_id=582\" class=\"wp-image-582\" srcset=\"https:\/\/www.lisawebbdesign.se\/wp-content\/uploads\/2020\/11\/BGSU8448-1024x1024.jpg 1024w, https:\/\/www.lisawebbdesign.se\/wp-content\/uploads\/2020\/11\/BGSU8448-300x300.jpg 300w, https:\/\/www.lisawebbdesign.se\/wp-content\/uploads\/2020\/11\/BGSU8448-150x150.jpg 150w, https:\/\/www.lisawebbdesign.se\/wp-content\/uploads\/2020\/11\/BGSU8448-768x768.jpg 768w, https:\/\/www.lisawebbdesign.se\/wp-content\/uploads\/2020\/11\/BGSU8448-1536x1536.jpg 1536w, https:\/\/www.lisawebbdesign.se\/wp-content\/uploads\/2020\/11\/BGSU8448-2048x2048.jpg 2048w, https:\/\/www.lisawebbdesign.se\/wp-content\/uploads\/2020\/11\/BGSU8448-1240x1240.jpg 1240w, https:\/\/www.lisawebbdesign.se\/wp-content\/uploads\/2020\/11\/BGSU8448-508x508.jpg 508w\" sizes=\"auto, (max-width: 1024px) 100vw, 1024px\" \/><\/figure><\/li><li class=\"blocks-gallery-item\"><figure><img loading=\"lazy\" decoding=\"async\" width=\"1024\" height=\"1024\" src=\"https:\/\/www.lisawebbdesign.se\/wp-content\/uploads\/2020\/11\/AQHE9926-1024x1024.jpg\" alt=\"\" data-id=\"581\" data-full-url=\"https:\/\/www.lisawebbdesign.se\/wp-content\/uploads\/2020\/11\/AQHE9926-scaled.jpg\" data-link=\"https:\/\/www.lisawebbdesign.se\/?attachment_id=581\" class=\"wp-image-581\" srcset=\"https:\/\/www.lisawebbdesign.se\/wp-content\/uploads\/2020\/11\/AQHE9926-1024x1024.jpg 1024w, https:\/\/www.lisawebbdesign.se\/wp-content\/uploads\/2020\/11\/AQHE9926-300x300.jpg 300w, https:\/\/www.lisawebbdesign.se\/wp-content\/uploads\/2020\/11\/AQHE9926-150x150.jpg 150w, https:\/\/www.lisawebbdesign.se\/wp-content\/uploads\/2020\/11\/AQHE9926-768x768.jpg 768w, https:\/\/www.lisawebbdesign.se\/wp-content\/uploads\/2020\/11\/AQHE9926-1536x1536.jpg 1536w, https:\/\/www.lisawebbdesign.se\/wp-content\/uploads\/2020\/11\/AQHE9926-2048x2048.jpg 2048w, https:\/\/www.lisawebbdesign.se\/wp-content\/uploads\/2020\/11\/AQHE9926-1240x1240.jpg 1240w, https:\/\/www.lisawebbdesign.se\/wp-content\/uploads\/2020\/11\/AQHE9926-508x508.jpg 508w\" sizes=\"auto, (max-width: 1024px) 100vw, 1024px\" \/><\/figure><\/li><\/ul><\/figure>\n<p><\/p>","protected":false},"excerpt":{"rendered":"<p>Jag erbjuder fototavlor p\u00e5 canvas, fototapet eller fototavla. Byt motiv sj\u00e4lv efter \u00e5rstid eller k\u00f6p paket d\u00e4r jag g\u00f6r det \u00e5t er 4 g\u00e5nger per \u00e5r. Motiv helt enligt era \u00f6nskem\u00e5l.<\/p>\n","protected":false},"author":1,"featured_media":0,"parent":0,"menu_order":0,"comment_status":"closed","ping_status":"closed","template":"","meta":{"footnotes":""},"class_list":["post-608","page","type-page","status-publish","hentry"],"_links":{"self":[{"href":"https:\/\/www.lisawebbdesign.se\/index.php?rest_route=\/wp\/v2\/pages\/608","targetHints":{"allow":["GET"]}}],"collection":[{"href":"https:\/\/www.lisawebbdesign.se\/index.php?rest_route=\/wp\/v2\/pages"}],"about":[{"href":"https:\/\/www.lisawebbdesign.se\/index.php?rest_route=\/wp\/v2\/types\/page"}],"author":[{"embeddable":true,"href":"https:\/\/www.lisawebbdesign.se\/index.php?rest_route=\/wp\/v2\/users\/1"}],"replies":[{"embeddable":true,"href":"https:\/\/www.lisawebbdesign.se\/index.php?rest_route=%2Fwp%2Fv2%2Fcomments&post=608"}],"version-history":[{"count":5,"href":"https:\/\/www.lisawebbdesign.se\/index.php?rest_route=\/wp\/v2\/pages\/608\/revisions"}],"predecessor-version":[{"id":676,"href":"https:\/\/www.lisawebbdesign.se\/index.php?rest_route=\/wp\/v2\/pages\/608\/revisions\/676"}],"wp:attachment":[{"href":"https:\/\/www.lisawebbdesign.se\/index.php?rest_route=%2Fwp%2Fv2%2Fmedia&parent=608"}],"curies":[{"name":"wp","href":"https:\/\/api.w.org\/{rel}","templated":true}]}}